{"id":320,"date":"2025-02-14T14:37:39","date_gmt":"2025-02-14T14:37:39","guid":{"rendered":"https:\/\/peaceful-meitner.116-202-52-215.plesk.page\/?page_id=320"},"modified":"2025-04-13T15:10:04","modified_gmt":"2025-04-13T15:10:04","slug":"kalender","status":"publish","type":"page","link":"https:\/\/peaceful-meitner.116-202-52-215.plesk.page\/index.php\/kalender\/","title":{"rendered":"Rennkalender"},"content":{"rendered":"\t\t<div data-elementor-type=\"wp-page\" data-elementor-id=\"320\" class=\"elementor elementor-320\" data-elementor-post-type=\"page\">\n\t\t\t\t<div class=\"elementor-element elementor-element-c355149 e-con-full e-flex e-con e-parent\" data-id=\"c355149\" data-element_type=\"container\" data-settings=\"{&quot;background_background&quot;:&quot;classic&quot;,&quot;shape_divider_top&quot;:&quot;tilt&quot;,&quot;shape_divider_bottom&quot;:&quot;tilt&quot;}\">\n\t\t\t\t<div class=\"elementor-shape elementor-shape-top\" data-negative=\"false\">\n\t\t\t<svg xmlns=\"http:\/\/www.w3.org\/2000\/svg\" viewBox=\"0 0 1000 100\" preserveAspectRatio=\"none\">\n\t<path class=\"elementor-shape-fill\" d=\"M0,6V0h1000v100L0,6z\"\/>\n<\/svg>\t\t<\/div>\n\t\t\t\t<div class=\"elementor-shape elementor-shape-bottom\" data-negative=\"false\">\n\t\t\t<svg xmlns=\"http:\/\/www.w3.org\/2000\/svg\" viewBox=\"0 0 1000 100\" preserveAspectRatio=\"none\">\n\t<path class=\"elementor-shape-fill\" d=\"M0,6V0h1000v100L0,6z\"\/>\n<\/svg>\t\t<\/div>\n\t\t<div class=\"elementor-element elementor-element-97733fe e-flex e-con-boxed e-con e-child\" data-id=\"97733fe\" data-element_type=\"container\" data-settings=\"{&quot;background_background&quot;:&quot;classic&quot;}\">\n\t\t\t\t\t<div class=\"e-con-inner\">\n\t\t<div class=\"elementor-element elementor-element-0383d3a e-con-full e-flex e-con e-child\" data-id=\"0383d3a\" data-element_type=\"container\">\n\t\t\t\t<div class=\"elementor-element elementor-element-f46b221 elementor-widget elementor-widget-heading\" data-id=\"f46b221\" data-element_type=\"widget\" data-widget_type=\"heading.default\">\n\t\t\t\t<div class=\"elementor-widget-container\">\n\t\t\t\t\t<h2 class=\"elementor-heading-title elementor-size-default\">Rennkalender 2025<\/h2>\t\t\t\t<\/div>\n\t\t\t\t<\/div>\n\t\t\t\t<\/div>\n\t\t\t\t\t<\/div>\n\t\t\t\t<\/div>\n\t\t\t\t<div class=\"elementor-element elementor-element-b74c7f3 elementor-align-center elementor-widget elementor-widget-button\" data-id=\"b74c7f3\" data-element_type=\"widget\" data-widget_type=\"button.default\">\n\t\t\t\t<div class=\"elementor-widget-container\">\n\t\t\t\t\t\t\t\t\t<div class=\"elementor-button-wrapper\">\n\t\t\t\t\t<a class=\"elementor-button elementor-button-link elementor-size-sm\" href=\"#\">\n\t\t\t\t\t\t<span class=\"elementor-button-content-wrapper\">\n\t\t\t\t\t\t\t\t\t<span class=\"elementor-button-text\">Porsche Sixt Carrera Cup Deutschland \/ Porsche Mobil 1 Supercup<\/span>\n\t\t\t\t\t<\/span>\n\t\t\t\t\t<\/a>\n\t\t\t\t<\/div>\n\t\t\t\t\t\t\t\t<\/div>\n\t\t\t\t<\/div>\n\t\t\t\t<\/div>\n\t\t<div class=\"elementor-element elementor-element-5db0ae3 e-flex e-con-boxed e-con e-parent\" data-id=\"5db0ae3\" data-element_type=\"container\">\n\t\t\t\t\t<div class=\"e-con-inner\">\n\t\t\t\t<div class=\"elementor-element elementor-element-4f68805 elementor-widget elementor-widget-text-editor\" data-id=\"4f68805\" data-element_type=\"widget\" data-widget_type=\"text-editor.default\">\n\t\t\t\t<div class=\"elementor-widget-container\">\n\t\t\t\t\t\t\t\t\t<p>16 Rennen im Porsche Sixt Carrera Cup Deutschland und 4 Rennen im Porsche Mobil 1 Supercup erwarten uns dieses Jahr auf den gr\u00f6\u00dften Rennstrecken Europas &#8211; im Rahmen der WEC, DTM und der K\u00f6nigsklasse Formel 1! Wenn Ihr live dabei sein und hinter die Kulissen des Motorsports blicken wollt, erwarten Euch an jedem Rennwochenende unvergessliche und exklusive Einblicke!<\/p>\t\t\t\t\t\t\t\t<\/div>\n\t\t\t\t<\/div>\n\t\t\t\t<div class=\"elementor-element elementor-element-6ad983f elementor-align-justify elementor-widget__width-inherit elementor-widget elementor-widget-button\" data-id=\"6ad983f\" data-element_type=\"widget\" data-widget_type=\"button.default\">\n\t\t\t\t<div class=\"elementor-widget-container\">\n\t\t\t\t\t\t\t\t\t<div class=\"elementor-button-wrapper\">\n\t\t\t\t\t<a class=\"elementor-button elementor-button-link elementor-size-sm\" href=\"https:\/\/www.youtube.com\/@PorscheCarreraCupDeutschland\/streams\">\n\t\t\t\t\t\t<span class=\"elementor-button-content-wrapper\">\n\t\t\t\t\t\t\t\t\t<span class=\"elementor-button-text\">Livestream<\/span>\n\t\t\t\t\t<\/span>\n\t\t\t\t\t<\/a>\n\t\t\t\t<\/div>\n\t\t\t\t\t\t\t\t<\/div>\n\t\t\t\t<\/div>\n\t\t\t\t\t<\/div>\n\t\t\t\t<\/div>\n\t\t<div class=\"elementor-element elementor-element-f71bcf8 e-flex e-con-boxed e-con e-parent\" data-id=\"f71bcf8\" data-element_type=\"container\">\n\t\t\t\t\t<div class=\"e-con-inner\">\n\t\t\t\t<div class=\"elementor-element elementor-element-d51135e elementor-widget elementor-widget-shortcode\" data-id=\"d51135e\" data-element_type=\"widget\" data-widget_type=\"shortcode.default\">\n\t\t\t\t<div class=\"elementor-widget-container\">\n\t\t\t\t\t\t\t<div class=\"elementor-shortcode\">\n<table id=\"tablepress-1\" class=\"tablepress tablepress-id-1\">\n<tbody>\n<tr class=\"row-1\">\n\t<td class=\"column-1\">RUNDE<br \/>\n<\/td><td class=\"column-2\">VERANSTALTUNG<\/td><td class=\"column-3\">DATUM<\/td><td class=\"column-4\">STRECKE<\/td><td class=\"column-5\">ORT<\/td><td class=\"column-6\">STRECKENL\u00c4NGE<\/td><td class=\"column-7\">TICKETS<\/td>\n<\/tr>\n<tr class=\"row-2\">\n\t<td class=\"column-1\">PST<\/td><td class=\"column-2\">Pre-Season Test<\/td><td class=\"column-3\">25. \u2013 26. M\u00e4rz<\/td><td class=\"column-4\">Imola<\/td><td class=\"column-5\">Imola, Italien<\/td><td class=\"column-6\">4.909 m<\/td><td class=\"column-7\">Tickets sichern<\/td>\n<\/tr>\n<tr class=\"row-3\">\n\t<td class=\"column-1\">1<\/td><td class=\"column-2\">FIA WEC<\/td><td class=\"column-3\">18. \u2013 20. April<\/td><td class=\"column-4\">Imola<\/td><td class=\"column-5\">Imola, Italien<\/td><td class=\"column-6\">4.909 m<\/td><td class=\"column-7\"><a href=\"https:\/\/www.ticketone.it\/en\/artist\/world-endurance-championship\/\" target=\"_blank\">Tickets sichern<\/a><\/td>\n<\/tr>\n<tr class=\"row-4\">\n\t<td class=\"column-1\">2<\/td><td class=\"column-2\">FIA WEC<\/td><td class=\"column-3\">8. \u2013 9. Mai<\/td><td class=\"column-4\">Spa-Francorchamps<\/td><td class=\"column-5\">Spa-Francorchamps, Belgien<\/td><td class=\"column-6\">7.004 m<\/td><td class=\"column-7\"><a href=\"https:\/\/www.spa-francorchamps.be\/de\/events\/race\/677_wec-totalenergies-6h-of-spa-francorchamps\">Tickets sichern<\/a><\/td>\n<\/tr>\n<tr class=\"row-5\">\n\t<td class=\"column-1\">3<\/td><td class=\"column-2\">DTM<\/td><td class=\"column-3\">6. \u2013 8. Juni<\/td><td class=\"column-4\">Zandvoort<\/td><td class=\"column-5\">Zandvoort, Niederlande<\/td><td class=\"column-6\">4.259 m<\/td><td class=\"column-7\"><a href=\"https:\/\/tickets.dtm.com\/series\/FAAUUP25XEYKKR7RX2LCK722RY?gad_source=1&amp;gbraid=0AAAAAogS15z3S9ETkRgXUeWZhdMdYqG4-\">Tickets sichern<\/a><\/td>\n<\/tr>\n<tr class=\"row-6\">\n\t<td class=\"column-1\">4<\/td><td class=\"column-2\">DTM<\/td><td class=\"column-3\">4. \u2013 6. Juli<\/td><td class=\"column-4\">Norisring<\/td><td class=\"column-5\">N\u00fcrnberg, Deutschland<\/td><td class=\"column-6\">2.300 m<\/td><td class=\"column-7\"><a href=\"https:\/\/tickets.dtm.com\/series\/KTLZRDK5FDOJTPTJ2RUU3N3OSY?gad_source=1&amp;gbraid=0AAAAAogS15z3S9ETkRgXUeWZhdMdYqG4-\">Tickets sichern<\/a><\/td>\n<\/tr>\n<tr class=\"row-7\">\n\t<td class=\"column-1\">5<\/td><td class=\"column-2\">DTM<\/td><td class=\"column-3\">8. \u2013 10. August<\/td><td class=\"column-4\">N\u00fcrburgring (Sprint)<\/td><td class=\"column-5\">N\u00fcrburg, Deutschland<\/td><td class=\"column-6\">3.629 m<\/td><td class=\"column-7\"><a href=\"https:\/\/tickets.dtm.com\/series\/YTVPWXSZ2U4SDJP5DSMYLB7IBE?gad_source=1&amp;gbraid=0AAAAAogS15z3S9ETkRgXUeWZhdMdYqG4-\">Tickets sichern<\/a><\/td>\n<\/tr>\n<tr class=\"row-8\">\n\t<td class=\"column-1\">6<\/td><td class=\"column-2\">DTM<\/td><td class=\"column-3\">22. \u2013 24. August<\/td><td class=\"column-4\">Sachsenring<\/td><td class=\"column-5\">Hohenstein-Ernstthal, Deutschland<\/td><td class=\"column-6\">3.645 m<\/td><td class=\"column-7\"><a href=\"https:\/\/tickets.dtm.com\/series\/YHQGBZ2NIVHR3FQSMU6EBKR4UQ?gad_source=1&amp;gbraid=0AAAAAogS15z3S9ETkRgXUeWZhdMdYqG4-\">Tickets sichern<\/a><\/td>\n<\/tr>\n<tr class=\"row-9\">\n\t<td class=\"column-1\">7<\/td><td class=\"column-2\">DTM<\/td><td class=\"column-3\">12. \u2013 14. September<\/td><td class=\"column-4\">Red Bull Ring<\/td><td class=\"column-5\">Spielberg, \u00d6sterreich<\/td><td class=\"column-6\">4.326 m<\/td><td class=\"column-7\"><a href=\"https:\/\/tickets.dtm.com\/series\/R236BRFR4TV3XD5MKVSBBWEWRE?gad_source=1&amp;gbraid=0AAAAAogS15z3S9ETkRgXUeWZhdMdYqG4-\">Tickets sichern<\/a><\/td>\n<\/tr>\n<tr class=\"row-10\">\n\t<td class=\"column-1\">8<\/td><td class=\"column-2\">DTM<\/td><td class=\"column-3\">3. \u2013 5. Oktober<\/td><td class=\"column-4\">Hockenheimring<\/td><td class=\"column-5\">Hockenheim, Deutschland<\/td><td class=\"column-6\">4.574<\/td><td class=\"column-7\"><a href=\"https:\/\/tickets.dtm.com\/series\/O6MQUGGMZSBCNMBCXR3CSIDVOQ?gad_source=1&amp;gbraid=0AAAAAogS15z3S9ETkRgXUeWZhdMdYqG4-\">Tickets sichern<\/a><\/td>\n<\/tr>\n<\/tbody>\n<\/table>\n<!-- #tablepress-1 from cache --><\/div>\n\t\t\t\t\t\t<\/div>\n\t\t\t\t<\/div>\n\t\t\t\t<div class=\"elementor-element elementor-element-614b07d elementor-align-justify elementor-widget__width-inherit elementor-widget elementor-widget-button\" data-id=\"614b07d\" data-element_type=\"widget\" data-widget_type=\"button.default\">\n\t\t\t\t<div class=\"elementor-widget-container\">\n\t\t\t\t\t\t\t\t\t<div class=\"elementor-button-wrapper\">\n\t\t\t\t\t<a class=\"elementor-button elementor-button-link elementor-size-sm\" href=\"https:\/\/peaceful-meitner.116-202-52-215.plesk.page\/index.php\/kalender-importieren\/\">\n\t\t\t\t\t\t<span class=\"elementor-button-content-wrapper\">\n\t\t\t\t\t\t\t\t\t<span class=\"elementor-button-text\">Kalender importieren<\/span>\n\t\t\t\t\t<\/span>\n\t\t\t\t\t<\/a>\n\t\t\t\t<\/div>\n\t\t\t\t\t\t\t\t<\/div>\n\t\t\t\t<\/div>\n\t\t\t\t\t<\/div>\n\t\t\t\t<\/div>\n\t\t\t\t<\/div>\n\t\t","protected":false},"excerpt":{"rendered":"<p>Rennkalender 2025 Porsche Sixt Carrera Cup Deutschland \/ Porsche Mobil 1 Supercup 16 Rennen im Porsche Sixt Carrera Cup Deutschland und 4 Rennen im Porsche Mobil 1 Supercup erwarten uns dieses Jahr auf den gr\u00f6\u00dften Rennstrecken Europas &#8211; im Rahmen der WEC, DTM und der K\u00f6nigsklasse Formel 1! Wenn Ihr live dabei sein und hinter [&hellip;]<\/p>\n","protected":false},"author":1,"featured_media":0,"parent":0,"menu_order":0,"comment_status":"closed","ping_status":"closed","template":"elementor_header_footer","meta":{"footnotes":""},"class_list":["post-320","page","type-page","status-publish","hentry"],"_links":{"self":[{"href":"https:\/\/peaceful-meitner.116-202-52-215.plesk.page\/index.php\/wp-json\/wp\/v2\/pages\/320","targetHints":{"allow":["GET"]}}],"collection":[{"href":"https:\/\/peaceful-meitner.116-202-52-215.plesk.page\/index.php\/wp-json\/wp\/v2\/pages"}],"about":[{"href":"https:\/\/peaceful-meitner.116-202-52-215.plesk.page\/index.php\/wp-json\/wp\/v2\/types\/page"}],"author":[{"embeddable":true,"href":"https:\/\/peaceful-meitner.116-202-52-215.plesk.page\/index.php\/wp-json\/wp\/v2\/users\/1"}],"replies":[{"embeddable":true,"href":"https:\/\/peaceful-meitner.116-202-52-215.plesk.page\/index.php\/wp-json\/wp\/v2\/comments?post=320"}],"version-history":[{"count":68,"href":"https:\/\/peaceful-meitner.116-202-52-215.plesk.page\/index.php\/wp-json\/wp\/v2\/pages\/320\/revisions"}],"predecessor-version":[{"id":1092,"href":"https:\/\/peaceful-meitner.116-202-52-215.plesk.page\/index.php\/wp-json\/wp\/v2\/pages\/320\/revisions\/1092"}],"wp:attachment":[{"href":"https:\/\/peaceful-meitner.116-202-52-215.plesk.page\/index.php\/wp-json\/wp\/v2\/media?parent=320"}],"curies":[{"name":"wp","href":"https:\/\/api.w.org\/{rel}","templated":true}]}}